- 0). Let n be 3 + (-8 - -3) + w. Suppose r = 1, 81 = 5*h - 0*r - n*r. Calculate the highest common factor of 153 and h.
17
Let p(z) = -z**2 - 7*z - 4. Let t be p(-6). Let g be (t - 4)*2/4. Let f = g + 2. What is the highest common factor of f and 2?
1
Suppose 4*u = -u + 20. What is the highest common divisor of u and 12?
4
Let k(l) = -l**3 + 15*l**2 + 3*l - 8. Let x be k(15). Let f be 39 + (-1 + -1)/2. Suppose 0 = n - f - x. Calculate the greatest common factor of n and 30.
15
Suppose -4*s + d = 229, -5*s = 2*d + 319 - 49. Let h = s - -110. Calculate the greatest common factor of 6 and h.
6
Let d be (-2)/(-6) - (-750)/18. Let x be (-527)/(-5) - 4/10. What is the highest common divisor of d and x?
21
Let o(s) = 2*s**2 + 5*s + 5. Let a = 0 - 5. Let t be o(a). What is the highest common factor of 20 and t?
10
Let t be ((-4)/(-10))/((-2)/(-60)). Let v = 6 + -2. Suppose -z + 4*q + q = 7, 3*z - t = v*q. Calculate the highest common divisor of z and 56.
8
Suppose -2*z + 90 = 3*z. Let b = 9 - 10. Let v = b + 13. What is the greatest common factor of z and v?
6
Let r = -3 - -4. Suppose -2*v + 3 + r = 0. Let a be ((-55)/2)/((-1)/v). Calculate the greatest common divisor of 5 and a.
5
Let h be ((-2)/(-2 + 0))/1. Let y be 1 + (-1 + 4)*h. Calculate the highest common factor of 20 and y.
4
Suppose -2 + 27 = -5*q, -2*z + 43 = -3*q. What is the highest common factor of z and 154?
14
Let a(h) = 4*h + 2. Let i be a(2). Let t be (36/3 + -2)*i. Calculate the highest common factor of t and 40.
20
Suppose 28 = 4*w - 4*p, -w - 10*p + 31 = -5*p. What is the highest common factor of w and 11?
11
Let j(r) = -r**3 - 6*r**2 - 8*r - 6. Let m be j(-5). Let u(h) = -h**3 + 4*h**2 - h + 3. Let v be u(3). Calculate the greatest common divisor of m and v.
9
Suppose -3*j + 186 = -2*f, 0 = -3*j + 5*f + 53 + 124. Let a = 6 + -12. Let y = 10 - a. Calculate the greatest common factor of j and y.
16
Let b = 179 - 74. What is the greatest common divisor of 7 and b?
7
Let c(q) = -29*q**3 + 2*q**2 + q. Let v be c(-1). Let g be (-4)/(-16) + (-14)/(-8). Suppose g*s = v + 12. What is the greatest common factor of 21 and s?
21
Suppose y - 24 = -4*g, g + 112 = 4*y - 1. Calculate the highest common divisor of 14 and y.
14
Suppose -x - 180 = -6*x. What is the greatest common divisor of x and 90?
18
Suppose -5*z = -20*z + 165. What is the highest common factor of z and 132?
11
Let q = 402 + -378. Suppose 4*t = -5*p + t + 132, 4 = t. What is the highest common factor of p and q?
24
Let c be 46/14 + 28/(-98). Suppose 2*w - c = 35. What is the highest common divisor of w and 76?
19
Let t = -49 - -60. Calculate the highest common divisor of 88 and t.
11
Let z be -2 + 2 + -2 + 6. What is the greatest common factor of 16 and z?
4
Let x be (6 + -1)*1*-9. Let m be x/20*160/(-6). What is the highest common divisor of m and 12?
12
Suppose o + 8 - 1 = 0. Let p(w) = 2*w**2 + 7*w - 1. Let z be p(o). What is the highest common divisor of 32 and z?
16
Let z = 44 - 38. What is the highest common divisor of 48 and z?
6
Suppose 48 = 5*k - 2. Suppose 0 = 5*s - d - 23, 4*d - k = -d. Suppose s = -2*i - 5*z, 8*z = 4*z - 20. What is the highest common factor of i and 40?
10
Suppose 3*f - 2*f = -2*y + 42, -y = 5*f - 12. Let h = 167 - y. Calculate the greatest common divisor of h and 29.
29
Suppose -q - q = -250. Calculate the greatest common factor of q and 50.
25
Let y = 40 - -14. Suppose -3*m = -3*w - 399, -409 = -7*m + 4*m - 2*w. Calculate the highest common factor of m and y.
27
Let s(w) = w + 1. Let i be s(4). Suppose -i*r + 232 + 68 = 0. What is the greatest common factor of 24 and r?
12
Let w be 3/2 + (-148)/(-8). Let f be (-3)/(-12) + 15/w. Calculate the greatest common factor of 1 and f.
1
Suppose 4*w + 4*d = -28, 3*w - 4*w = -3*d + 15. Let z = w + 15. Calculate the greatest common factor of z and 12.
6
Let y be 4/(-3)*(-4 + -8). Suppose -2*c - 5*w - 428 = -6*c, 0 = -2*c + 3*w + 212. Calculate the highest common divisor of c and y.
16
Suppose -20 = -2*m - 8. Let z = m - -3. Calculate the highest common factor of z and 18.
9
Let l = -7 + 6. Let b be 0 - l - 86/2. Let y be ((-15)/(-9))/((-2)/b). Calculate the greatest common factor of y and 7.
7
Suppose -198 + 72 = 3*u. Let g be 1/(-7) - 1182/u. Calculate the highest common divisor of 70 and g.
14
Let z = -89 + 170. Calculate the highest common divisor of 9 and z.
9
Let t(d) = -4*d - 4 + 3*d**2 + 2*d + 5. Let a be t(2). Suppose 4*x = -4*x + 216. What is the highest common divisor of x and a?
9
Let i(t) = 20*t**2 + 1. Let k be i(-1). Let w = -12 + k. Let u be 88/w - 4/(-18). Calculate the greatest common divisor of u and 2.
2
Let f = -48 - -105. Suppose f = 2*n - 4*p - 7, p = 5*n - 142. Calculate the highest common factor of n and 70.
14
Suppose 2*p - 8 = 3*n, 0*n - 5*p = -3*n - 20. Let y = 12 + n. Suppose 0 = 4*v - 5 - 7. What is the highest common factor of y and v?
3
Let r be (-8)/(-4) + 9 - 0. What is the greatest common divisor of 33 and r?
11
Let o = -212 - -316. What is the highest common factor of 13 and o?
13
Suppose -2*y + 0 = -12. Let b = -28 - -46. Suppose f - 2*f = -b. Calculate the highest common divisor of f and y.
6
Let d be (-88)/(-6) + 4/12. Suppose 4 = 2*j, 5*n + 4*j + 2 = 30. Suppose b + g = 7, -n*g + 8 = 2*b - 8. Calculate the greatest common factor of d and b.
3
Let u(c) = c**2 + 7. Let f be u(0). Let d = -38 - -66. What is the highest common divisor of d and f?
7
Suppose u + 80 = 6*u. Let r(p) be the third derivative of -p**5/60 - p**4/4 - p**3/2 + p**2. Let h be r(-5). Calculate the greatest common divisor of h and u.
2
Let u be 528/64 - (-1)/(-4). What is the highest common factor of u and 8?
8
Let w be (10/(-4))/((-5)/4). Suppose w*l + 2*s = 58, -3*s = 2*l - 35 - 18. Calculate the greatest common divisor of 85 and l.
17
Let a = -4 + -2. Let c(s) = -17*s + 6. Let o be c(a). Let k = o + 4. Calculate the highest common divisor of 16 and k.
16
Let y = 2 - -5. Suppose 6*c = c + 35. What is the greatest common divisor of c and y?
7
Let a(z) = z + 9. Let w be a(-3). Let j(i) = -i**2 + 7*i - 2. Let b be j(w). What is the highest common divisor of 1 and b?
1
Suppose -3*v - 3*o = -66, 0*v - v = 3*o - 18. What is the highest common factor of v and 168?
24
Suppose -243 = -5*p - l + 2*l, -3*p + 149 = l. What is the greatest common factor of p and 7?
7
Let w be 1/(((-8)/38)/(-4)). Suppose 5*u + 233 = 4*s, 2*s - 4*u - u - 119 = 0. Calculate the greatest common divisor of w and s.
19
Suppose -15 = -j + 15. Let v = 217 - 142. What is the highest common factor of v and j?
15
Let j be 2/(-7) - (-760)/14. Let n be 7/(-14) - 111/(-6). What is the greatest common factor of j and n?
18
Suppose 0 = 5*f - 3*f - 10. What is the highest common divisor of f and 5?
5
Suppose 5 + 23 = 4*r. Calculate the highest common divisor of 21 and r.
7
Let x(t) be the third derivative of -t**4/24 + 8*t**3/3 + 4*t**2. Let g be x(15). What is the greatest common divisor of 1 and g?
1
Let h(o) = 5*o**3 + o - 1 + 4*o**2 - 4*o + 3 - 6*o**3. Let u = -4 + 6. Let n be h(u). What is the greatest common divisor of 4 and n?
4
Let y be (390/(-104))/(1/(-4)). Suppose 0 = -3*q - 5*j + 1, 1 + 1 = -2*j. Suppose -5 = -q*i + 1. Calculate the highest common factor of i and y.
3
Let p be 0 + (-1 - (1 - 30)). Let m be (-3)/(((-2)/(-27))/2). Let d = m - -151. Calculate the highest common factor of p and d.
14
Let r(a) = 18*a**2. Let l be r(-1). Suppose -17 - l = -5*m. What is the greatest common divisor of m and 7?
7
Let k(n) = n**3 - 4*n**2 - n - 6. Let b be (-32)/(-6) - (-7)/(-21). Let r be k(b). What is the greatest common divisor of 70 and r?
14
Suppose 0 = -i + 2 + 3, 161 = 4*h + i. What is the greatest common factor of h and 13?
13
Let c be (-12 + (1 - -1))/1. Suppose -5*l + 0 = -20. Let v be (c/(-6))/(l/36). What is the highest common factor of v and 10?
5
Suppose 11 + 1 = 4*d. Let y(v) = -v**2 + 4*v - 1. Let x be y(d). Suppose -188 - 154 = -x*r. Calculate the highest common divisor of r and 19.
19
Let f(z) = -z**3 - 8*z**2 + 9*z + 6. Let p be f(-9). What is the highest common divisor of p and 30?
6
Let s be 30/(3 + -2 + 0). Suppose 3*i = -3*m - 0*i + s, 20 = 2*m - i. Let p = 115 + -25. What is the highest common factor of m and p?
10
Let x be 2/8 + 357/12. Suppose -f = 4*f - x. Let m b